j - 144, 3*j - 12 = 0. Suppose 2*n - 4 = 0, 3*v - 4*n - 77 = -2*v. What is the remainder when l is divided by v?
16
Suppose 2*d - 2*s - 2*s - 1436 = 0, 3*d + 3*s = 2181. Suppose -23*u = -27*u + d. What is the remainder when u is divided by 46?
43
Suppose 6*d - 4*d - k = 535, 0 = -3*d - 4*k + 808. Calculate the remainder when d is divided by 85.
13
Let u(z) = -z**2 - 13*z - 7. Let d = -124 + 141. Calculate the remainder when u(-5) is divided by d.
16
Let v(x) = -51*x - 1. Let y be v(-1). Suppose -2*i = 2*d - y, i - 3*d - 13 = -0*i. Let q(t) = -7*t + 3. What is the remainder when q(-12) is divided by i?
21
Let l(s) = -s**2 + 2. Let q be l(0). Suppose 15 = n - 2*z, -5*n = 4*z - q - 3. Let x = n - -10. What is the remainder when x is divided by 4?
3
Let l(i) = 4*i + 2. Suppose -5*m + 10 = -60. Let k = -9 + m. Calculate the remainder when l(k) is divided by 6.
4
Suppose 19*y + h + 219 = 21*y, 0 = 3*y - 3*h - 327. What is the remainder when y is divided by (-7 - -10)*37/3?
36
What is the remainder when 62 is divided by 10904/1160 - 2/5?
8
Let h = 174 - 139. What is the remainder when 118 is divided by h?
13
Let x(l) = 15*l**2 + 283*l + 13. What is the remainder when x(-19) is divided by 45?
6
Calculate the remainder when 130 is divided by 7/(-7) + (-92)/(-4) + 0.
20
Suppose 0 = 2*a - 0*b + b - 332, 0 = 2*a + 4*b - 344. What is the remainder when a is divided by 34?
28
Suppose 245 = 4*j + 5*k, 3*k - 11 + 85 = j. Calculate the remainder when 389 is divided by j.
64
Let b(k) = 2*k**2 - 47*k - 59. Calculate the remainder when b(-6) is divided by 94.
13
Suppose 4*v = j + 11, v + 2*v + 30 = 5*j. What is the remainder when 52 is divided by j?
7
Suppose -42*u - g - 58 = -43*u, -3*u - 3*g = -168. Let r = -39 - -69. Calculate the remainder when u is divided by r.
27
Let m(r) = -4*r - 18. Let f be m(-12). Let h = -6 + f. Calculate the remainder when 54 is divided by (-3)/2*(-224)/h.
12
Suppose 5*h - 2*k = 9*h - 128, -k - 56 = -2*h. Calculate the remainder when 779 is divided by h.
29
Suppose 2*p - 10*p = -776. What is the remainder when p is divided by 5?
2
Let i = 9692 - 9621. Let l = 5 - 0. Suppose 1 = l*x - 89. Calculate the remainder when i is divided by x.
17
Let v be (4/3)/((-4)/(-6)). Suppose -g + 3 = -4*g. Calculate the remainder when ((-1)/v)/(g/86) is divided by 11.
10
Calculate the remainder when ((-1)/2)/((-102)/83436) is divided by 39.
19
Suppose -11*y = -809 + 6. Calculate the remainder when y is divided by 36.
1
Suppose -3*t - 2*t = -90. Let b = -11 + t. Suppose -k - 2 = 3*a, -2*k + 11 = 4*a - a. Calculate the remainder when k is divided by b.
6
Let a(b) = b**2 - 18*b + 89. Calculate the remainder when 53 is divided by a(9).
5
Suppose 0 = 3*i - 3*n - 72, 5*n - 40 = 15*n. Calculate the remainder when 37 is divided by i.
17
Suppose -4*d + 29 = -l, 0 = 24*d - 23*d + 3*l - 4. What is the remainder when 159 is divided by d?
5
Let r(a) = -9*a**2 + a + 11. Let f(y) = 10*y**2 - y - 12. Let o(l) = -5*f(l) - 6*r(l). What is the remainder when 159 is divided by o(3)?
24
Let n(i) = i**3 + 15*i**2 + 10*i - 20. What is the remainder when 71 is divided by n(-14)?
35
Let d(b) = b**2 - b - 1. Let z(q) = 4*q**2 - 17*q + 1. Let a(y) = -3*d(y) + z(y). What is the remainder when 12 is divided by a(14)?
0
Let b(g) = -g**2 - 12*g. Let u(z) be the third derivative of 3*z**5/10 - z**4/12 - z**3/6 + z**2. Calculate the remainder when b(-5) is divided by u(-1).
16
Let l(i) = i + 32. Let r be l(-29). Let s = -8 - -11. Suppose -s*j + 21 = -2*y, 3*j + 2*y = -r*y. What is the remainder when 12 is divided by j?
2
Suppose -9 = 3*s, 41*b - 44*b = 5*s - 6. What is the remainder when 207 is divided by b?
4
Suppose -2*g + 6*g = 3*f - 154, -5*f = -5*g - 190. Let h = 45 + g. What is the remainder when 27 is divided by h?
2
Let y(i) = 6*i**2 + 8*i - 364. Calculate the remainder when y(-22) is divided by 11.
10
Let i = 22 + 37. Calculate the remainder when 1000 is divided by i.
56
Let x(v) = -v**3 - 6*v**2 - 2*v + 6. Suppose -2*i = u + 38, -u + 8 = -i + 4*u. Let l = i + 69. What is the remainder when l is divided by x(-6)?
15
Let d = 98 + -93. Suppose d*c = 156 + 109. What is the remainder when c is divided by 6?
5
Let k be ((-48)/20)/((-4)/170). Calculate the remainder when (-2)/5 + k/30 is divided by 1.
0
Let y(f) = 7*f - 3. Let q(k) = -15*k + 7. Let v(a) = 4*q(a) + 9*y(a). Let s be 1/(1 - (-8)/(-9)). What is the remainder when v(s) is divided by 15?
13
Suppose 9 = a + h - 0*h, a - 3*h - 5 = 0. Let o(v) be the third derivative of -v**4/3 - v**3/3 + 19*v**2. What is the remainder when o(-3) is divided by a?
6
Let r = -129 - -184. What is the remainder when r is divided by 8?
7
Suppose -5*a + 4*o = -85, -2*o + 52 = -3*a + 5*a. Let k = 208 + -104. What is the remainder when k is divided by a?
20
Let a be 2/(-8) + 423/12. Suppose 3*w = -y + a, -2*y + w + 60 = -3*w. What is the remainder when 61 is divided by y?
29
Suppose 52 = 2*o + 8. Let x be (-91)/2 + 2/4. Let v = x - -88. Calculate the remainder when v is divided by o.
21
Let r = -281 - -283. What is the remainder when 8 is divided by r?
0
Let a(g) = -3*g - 8. Let n(z) = 4*z + 6. Let w be n(-3). Calculate the remainder when a(w) is divided by 3.
1
Let w = -594 - -610. Suppose 5*h + 81 = 386. What is the remainder when h is divided by w?
13
Suppose f = -4*o - 5, o + 8 = -3*o. Suppose 12 = 4*t + d, f*t = -0*t - 3*d + 18. What is the remainder when (-642)/(-9) - t/(-3) is divided by 19?
15
Let j = 3 + 24. Suppose 4*p + 3*v - 21 = p, -5*v = -p - 5. Suppose 3*a - g = 2*a + 6, -37 = -p*a - 2*g. Calculate the remainder when j is divided by a.
6
Let m(n) = -2*n + 16. Let z = 44 - 56. Calculate the remainder when m(z) is divided by 11.
7
Calculate the remainder when (329/(-47))/((-2)/28) is divided by 6.
2
Let u(y) = 8*y. Suppose -2*l = 5*d - 160, -d = 4*d - 2*l - 140. Calculate the remainder when d is divided by u(1).
6
Calculate the remainder when 81 is divided by (-730)/(-22) - 16/88.
15
Suppose -4*z - 39 = 145. Let k = 77 + z. Suppose 5*p + 0*a = -3*a + 283, -4*p - 2*a = -228. What is the remainder when p is divided by k?
28
Suppose h = 2*p - 7 - 32, -17 = -p + h. Calculate the remainder when 62 is divided by p.
18
Suppose 5*v - 157 = 5*x + 103, v - 28 = -5*x. What is the remainder when 170 is divided by v?
26
Let w be 8/(-6) + (-6)/9. Let d be 2 + 0 + w + 0. Suppose 95 = -d*y + 5*y. What is the remainder when 55 is divided by y?
17
Let u(c) = -c**3 - c**2 - 4. Let w be u(0). Let g be (-5)/(-2) - 2/w. What is the remainder when g/6*-4 + 17 is divided by 6?
3
Let r = -224 + 145. Let a = r + 98. Calculate the remainder when 75 is divided by a.
18
Let i = 10 + 6. What is the remainder when i is divided by ((-484)/(-11) + -49)/((-5)/9)?
7
Let k = 1099 - 606. What is the remainder when (k/68)/((-2)/(-8)) is divided by 8?
5
Let r(k) = k**2 + 18*k + 72. What is the remainder when 267 is divided by r(-15)?
24
Let s = 488 - 480. Calculate the remainder when 239 is divided by s.
7
Let u = 200 + -159. What is the remainder when u is divided by 1?
0
Let y(h) = h**3 - 21*h**2 + 22*h - 32. What is the remainder when (46/(-2))/((-2)/2) is divided by y(20)?
7
Calculate the remainder when 111 is divided by (-25992)/(-532) + 2/14.
13
Calculate the remainder when 10*(-16088)/(-180) + (-2)/(-9) is divided by 8.
6
Suppose 2*a - 112 = -5*a. What is the remainder when a is divided by (-3)/9 + 1 + (-100)/(-12)?
7
Let q(n) = -71*n - 333. What is the remainder when 92 is divided by q(-5)?
4
Suppose -2*p - 140 = -4*h - 54, 3*p - 87 = -3*h. Calculate the remainder when 164 is divided by h.
20
Let p = 32 + -9. What is the remainder when p is divided by 8?
7
What is the remainder when 57 is divided by 17 + 5/((-25)/10)?
12
Let m be -12 - 2/(-3)*3. Let i = 10 + m. Suppose -5*x + i*x + 190 = 0. What is the remainder when x is divided by 10?
8
Suppose -3*d + 75 = 9. Let q(c) = 24*c - 9. What is the remainder when q(4) is divided by d?
21
Let n(j) = -43*j**2 - 6*j + 11. Let t(x) = 8*x**2 + x - 2. Let l(c) = 2*n(c) + 11*t(c). Let z = -12 - -7. What is the remainder when l(z) is divided by 29?
26
Suppose 0 = 3*k - 5*k + 424. Suppose r = 5*r - k. Let c = r + -30. What is the remainder when 90 is divided by c?
21
Let g = 24 + -6. Let k = g - 15. Suppose k*d - 19 = 17. Wh